{"id":1256,"date":"2023-12-02T18:35:38","date_gmt":"2023-12-02T18:35:38","guid":{"rendered":"https:\/\/jjk.merioscloud.de\/?page_id=1256"},"modified":"2025-12-22T12:22:10","modified_gmt":"2025-12-22T12:22:10","slug":"aktuell","status":"publish","type":"page","link":"https:\/\/skfm-nk.de\/index.php\/aktuell\/","title":{"rendered":"Aktuell"},"content":{"rendered":"\t\t<div data-elementor-type=\"wp-page\" data-elementor-id=\"1256\" class=\"elementor elementor-1256\" data-elementor-post-type=\"page\">\n\t\t\t\t<div class=\"elementor-element elementor-element-7f3163ea e-flex e-con-boxed e-con e-child\" data-id=\"7f3163ea\" data-element_type=\"container\">\n\t\t\t\t\t<div class=\"e-con-inner\">\n\t\t\t\t<div class=\"elementor-element elementor-element-7f9c3987 elementor-widget__width-initial elementor-widget-tablet__width-inherit elementor-widget-laptop__width-initial elementor-widget elementor-widget-heading\" data-id=\"7f9c3987\" data-element_type=\"widget\" data-widget_type=\"heading.default\">\n\t\t\t\t<div class=\"elementor-widget-container\">\n\t\t\t\t\t<h2 class=\"elementor-heading-title elementor-size-default\">Aktuell<\/h2>\t\t\t\t<\/div>\n\t\t\t\t<\/div>\n\t\t\t\t<div class=\"elementor-element elementor-element-2f2509cd elementor-widget__width-initial elementor-widget-tablet__width-inherit elementor-widget elementor-widget-text-editor\" data-id=\"2f2509cd\" data-element_type=\"widget\" data-widget_type=\"text-editor.default\">\n\t\t\t\t<div class=\"elementor-widget-container\">\n\t\t\t\t\t\t\t\t\t<p><strong>Betreuungsgesetz einfach erkl\u00e4rt<\/strong><\/p><p>Das Betreuungsrecht ist manchmal sehr schwierig. Deshalb haben wir es ganz einfach aufgeschrieben. So kann es jeder verstehen. Jeder kann sich etwas darunter vorstellen. Was ist ein Betreuer? Wer braucht einen Betreuer? Wann braucht man einen Betreuer? Wer k\u00fcmmert sich darum? Was darf ein Betreuer? Was darf ein Betreuer nicht? Diese Fragen werden in unserer neuen Brosch\u00fcre erkl\u00e4rt. <span style=\"text-decoration: underline;\"><strong><a href=\"https:\/\/skfm-nk.de\/wp-content\/uploads\/2025\/07\/BtG-in-einfacher-Sprache.pdf\" target=\"_blank\" rel=\"noopener\">Hier ist der Link zur Brosch\u00fcre.<\/a><\/strong><\/span><\/p><p><strong>Mein Justiz-Postfach &#8211; der digitale Weg mit Gerichten und Organisationen zu kommunizieren<\/strong><\/p><p>Die Betreuungsgerichte sind nun digital erreichbar. \u00dcber normale E-Mail-Adressen ist es nicht m\u00f6glich, mit Amtsgerichten zu kommunizieren. Dies hat zum einen Datenschutzgr\u00fcnde und zum anderen kann nicht sicher zugeordnet werden, wer die E-Mails abgeschickt hat. Daher war bisher der postalische Weg der sicherste Weg mit den Amtsgerichten zu kommunizieren. Seit Anfang 2025 ist es m\u00f6glich, \u00fcber eine sichere Schnittstelle digital mit den Amtsgerichten zu kommunizieren. Seit April 2025 haben die Amtsgerichte aktiv die Digitalisierung eingeleitet \u2013 was im ersten Schritt zu einem erheblichen Mehraufwand f\u00fcr die Gerichte gef\u00fchrt hat. Seit April 2025 kann \u00fcber ein sogenanntes eBO \u2013 das besondere elektronische B\u00fcrger- und Organisationenpostfach \u2013 mit den Amtsgerichten und \u00f6ffentlichen Institutionen, wie dem Sozialamt und dem Landesamt f\u00fcr Soziales, kommuniziert werden. Die digitale Schnittstelle, welche auch Sie nutzen k\u00f6nnen und kostenfrei ist, nennt sich \u201eMein Justizpostfach\u201c. Unter https:\/\/mjp.justiz.de\/#\/ k\u00f6nnen Sie Ihr pers\u00f6nliches Justizpostfach anlegen und einrichten. Auf der Webseite des Saarlandes unter: www.saarland.de finden Sie, wenn Sie in der Suchfunktion: <span style=\"color: #993366;\"><a style=\"color: #993366;\" href=\"https:\/\/skfm-nk.de\/wp-content\/uploads\/2025\/12\/Flyer_ERV.pdf\" target=\"_blank\" rel=\"noopener\">Flyer_ERV<\/a><\/span> eingeben, eine Anleitung des Justizministeriums vom 04.09.2024. Weiterhin finden Sie Informationen zur Nutzung des Justizpostfachs unter <span style=\"color: #993366;\"><a style=\"color: #993366;\" href=\"https:\/\/www.ego-saar.de\/portfolio\/kommunikation-infrastruktur\/mein-justizpostfach-mjp\/\" target=\"_blank\" rel=\"noopener\">https:\/\/www.ego-saar.de\/portfolio\/kommunikation-infrastruktur\/mein-justizpostfach-mjp\/\u00a0<\/a><\/span><br \/>Am 27. April wird es einen Erfahrungsaustausch in der Habach geben, bei welchem \u201emein Justizpostfach\u201c als Schwerpunktthema besprochen wird.<\/p>\t\t\t\t\t\t\t\t<\/div>\n\t\t\t\t<\/div>\n\t\t\t\t\t<\/div>\n\t\t\t\t<\/div>\n\t\t<div class=\"elementor-element elementor-element-950d0e8 e-con-full e-flex e-con e-parent\" data-id=\"950d0e8\" data-element_type=\"container\">\n\t\t<div class=\"elementor-element elementor-element-90c4ca8 e-con-full e-flex e-con e-child\" data-id=\"90c4ca8\" data-element_type=\"container\">\n\t\t\t\t<div class=\"elementor-element elementor-element-ee292bd elementor-widget elementor-widget-heading\" data-id=\"ee292bd\" data-element_type=\"widget\" data-widget_type=\"heading.default\">\n\t\t\t\t<div class=\"elementor-widget-container\">\n\t\t\t\t\t<h2 class=\"elementor-heading-title elementor-size-default\">Rundbriefe\nSKFM-Aktuell<\/h2>\t\t\t\t<\/div>\n\t\t\t\t<\/div>\n\t\t\t\t<\/div>\n\t\t\t\t<div class=\"elementor-element elementor-element-ee75c4e elementor-widget-laptop__width-initial elementor-widget elementor-widget-image\" data-id=\"ee75c4e\" data-element_type=\"widget\" data-widget_type=\"image.default\">\n\t\t\t\t<div class=\"elementor-widget-container\">\n\t\t\t\t\t\t\t\t\t\t\t\t<figure class=\"wp-caption\">\n\t\t\t\t\t\t\t\t\t\t\t<a href=\"https:\/\/skfm-nk.de\/wp-content\/uploads\/2025\/12\/SKFM-Ausgabe-3-25.pdf\" target=\"_blank\">\n\t\t\t\t\t\t\t<img decoding=\"async\" src=\"https:\/\/skfm-nk.de\/wp-content\/uploads\/elementor\/thumbs\/SKFM-Ausgabe-3-25-rgj4lxkv07vzqmuvv001pl3kjlbb2kd45k84qa7xw0.png\" title=\"SKFM Ausgabe 3-25\" alt=\"SKFM Ausgabe 3-25\" loading=\"lazy\" \/>\t\t\t\t\t\t\t\t<\/a>\n\t\t\t\t\t\t\t\t\t\t\t<figcaption class=\"widget-image-caption wp-caption-text\">Dezember 2025<\/figcaption>\n\t\t\t\t\t\t\t\t\t\t<\/figure>\n\t\t\t\t\t\t\t\t\t<\/div>\n\t\t\t\t<\/div>\n\t\t\t\t<div class=\"elementor-element elementor-element-02d8d30 elementor-widget-laptop__width-initial elementor-widget elementor-widget-image\" data-id=\"02d8d30\" data-element_type=\"widget\" data-widget_type=\"image.default\">\n\t\t\t\t<div class=\"elementor-widget-container\">\n\t\t\t\t\t\t\t\t\t\t\t\t<figure class=\"wp-caption\">\n\t\t\t\t\t\t\t\t\t\t\t<a href=\"https:\/\/skfm-nk.de\/wp-content\/uploads\/2025\/09\/SKFM-Ausgabe-2-25.pdf\" target=\"_blank\">\n\t\t\t\t\t\t\t<img decoding=\"async\" src=\"https:\/\/skfm-nk.de\/wp-content\/uploads\/elementor\/thumbs\/SKFM-Ausgabe-2-25-rbz8qjyq4qmlu6ztoxgcxtinrn3jonfoi1lzdqyqmo.png\" title=\"SKFM Ausgabe 2-25\" alt=\"SKFM Ausgabe 2-25\" loading=\"lazy\" \/>\t\t\t\t\t\t\t\t<\/a>\n\t\t\t\t\t\t\t\t\t\t\t<figcaption class=\"widget-image-caption wp-caption-text\">August 2025<\/figcaption>\n\t\t\t\t\t\t\t\t\t\t<\/figure>\n\t\t\t\t\t\t\t\t\t<\/div>\n\t\t\t\t<\/div>\n\t\t\t\t<div class=\"elementor-element elementor-element-1c2a633 elementor-widget-laptop__width-initial elementor-widget elementor-widget-image\" data-id=\"1c2a633\" data-element_type=\"widget\" data-widget_type=\"image.default\">\n\t\t\t\t<div class=\"elementor-widget-container\">\n\t\t\t\t\t\t\t\t\t\t\t\t<figure class=\"wp-caption\">\n\t\t\t\t\t\t\t\t\t\t\t<a href=\"https:\/\/skfm-nk.de\/wp-content\/uploads\/2025\/07\/SKFM-Ausgabe-1-25.pdf\" target=\"_blank\">\n\t\t\t\t\t\t\t<img decoding=\"async\" src=\"https:\/\/skfm-nk.de\/wp-content\/uploads\/elementor\/thumbs\/SKFM-Ausgabe-1-25-r932mjtd1abnu5ud97ens3yr3qnfo3wau9is34qwy8.png\" title=\"SKFM Ausgabe 1-25\" alt=\"SKFM Ausgabe 1-25\" loading=\"lazy\" \/>\t\t\t\t\t\t\t\t<\/a>\n\t\t\t\t\t\t\t\t\t\t\t<figcaption class=\"widget-image-caption wp-caption-text\">April 2025<\/figcaption>\n\t\t\t\t\t\t\t\t\t\t<\/figure>\n\t\t\t\t\t\t\t\t\t<\/div>\n\t\t\t\t<\/div>\n\t\t\t\t<\/div>\n\t\t\t\t<\/div>\n\t\t","protected":false},"excerpt":{"rendered":"<p>Aktuell Betreuungsgesetz einfach erkl\u00e4rt Das Betreuungsrecht ist manchmal sehr schwierig. Deshalb haben wir es ganz einfach aufgeschrieben. So kann es jeder verstehen. Jeder kann sich etwas darunter vorstellen. Was ist ein Betreuer? Wer braucht einen Betreuer? Wann braucht man einen Betreuer? Wer k\u00fcmmert sich darum? Was darf ein Betreuer? Was darf ein Betreuer nicht? Diese [&hellip;]<\/p>\n","protected":false},"author":1,"featured_media":0,"parent":0,"menu_order":0,"comment_status":"closed","ping_status":"closed","template":"","meta":{"footnotes":""},"class_list":["post-1256","page","type-page","status-publish","hentry"],"_links":{"self":[{"href":"https:\/\/skfm-nk.de\/index.php\/wp-json\/wp\/v2\/pages\/1256","targetHints":{"allow":["GET"]}}],"collection":[{"href":"https:\/\/skfm-nk.de\/index.php\/wp-json\/wp\/v2\/pages"}],"about":[{"href":"https:\/\/skfm-nk.de\/index.php\/wp-json\/wp\/v2\/types\/page"}],"author":[{"embeddable":true,"href":"https:\/\/skfm-nk.de\/index.php\/wp-json\/wp\/v2\/users\/1"}],"replies":[{"embeddable":true,"href":"https:\/\/skfm-nk.de\/index.php\/wp-json\/wp\/v2\/comments?post=1256"}],"version-history":[{"count":157,"href":"https:\/\/skfm-nk.de\/index.php\/wp-json\/wp\/v2\/pages\/1256\/revisions"}],"predecessor-version":[{"id":4343,"href":"https:\/\/skfm-nk.de\/index.php\/wp-json\/wp\/v2\/pages\/1256\/revisions\/4343"}],"wp:attachment":[{"href":"https:\/\/skfm-nk.de\/index.php\/wp-json\/wp\/v2\/media?parent=1256"}],"curies":[{"name":"wp","href":"https:\/\/api.w.org\/{rel}","templated":true}]}}