{"id":41,"date":"2023-09-19T13:36:58","date_gmt":"2023-09-19T13:36:58","guid":{"rendered":"https:\/\/jjk.merioscloud.de\/index.php\/contact\/"},"modified":"2025-12-23T09:29:41","modified_gmt":"2025-12-23T09:29:41","slug":"contact","status":"publish","type":"page","link":"https:\/\/skfm-nk.de\/index.php\/contact\/","title":{"rendered":"Contact"},"content":{"rendered":"\t\t<div data-elementor-type=\"wp-page\" data-elementor-id=\"41\" class=\"elementor elementor-41\" data-elementor-post-type=\"page\">\n\t\t\t\t<div class=\"elementor-element elementor-element-6c66427 e-flex e-con-boxed e-con e-parent\" data-id=\"6c66427\" data-element_type=\"container\" data-settings=\"{&quot;background_background&quot;:&quot;classic&quot;}\">\n\t\t\t\t\t<div class=\"e-con-inner\">\n\t\t\t\t<div class=\"elementor-element elementor-element-3bae9b97 elementor-widget elementor-widget-heading\" data-id=\"3bae9b97\" data-element_type=\"widget\" data-widget_type=\"heading.default\">\n\t\t\t\t<div class=\"elementor-widget-container\">\n\t\t\t\t\t<h2 class=\"elementor-heading-title elementor-size-default\">Kontaktieren \nSie uns<\/h2>\t\t\t\t<\/div>\n\t\t\t\t<\/div>\n\t\t\t\t<div class=\"elementor-element elementor-element-67cd9a0 elementor-widget__width-initial elementor-invisible elementor-widget elementor-widget-text-editor\" data-id=\"67cd9a0\" data-element_type=\"widget\" data-settings=\"{&quot;_animation&quot;:&quot;fadeIn&quot;,&quot;_animation_delay&quot;:300}\" data-widget_type=\"text-editor.default\">\n\t\t\t\t<div class=\"elementor-widget-container\">\n\t\t\t\t\t\t\t\t\t<p>F\u00fcr telefonische und pers\u00f6nliche Kontakte stehen\u00a0wir\u00a0zu folgenden Zeiten zur Verf\u00fcgung:<\/p><p style=\"text-align: left;\">Montag\u00a0 \u00a0 \u00a0 \u00a0 \u00a09.00 &#8211; 12.00 Uhr<br \/>Dienstag\u00a0 \u00a0 \u00a013.30 &#8211; 16.30 Uhr<br \/>Donnerstag\u00a0 9.00 &#8211; 12.00 Uhr<\/p><p>Au\u00dferhalb der B\u00fcrozeiten k\u00f6nnen Sie eine Nachricht auf dem Anrufbeantworter hinterlassen, wir rufen Sie zeitnah zur\u00fcck.<\/p>\t\t\t\t\t\t\t\t<\/div>\n\t\t\t\t<\/div>\n\t\t\t\t<div class=\"elementor-element elementor-element-018b04d elementor-widget__width-initial elementor-invisible elementor-widget elementor-widget-text-editor\" data-id=\"018b04d\" data-element_type=\"widget\" data-settings=\"{&quot;_animation&quot;:&quot;fadeIn&quot;,&quot;_animation_delay&quot;:300}\" data-widget_type=\"text-editor.default\">\n\t\t\t\t<div class=\"elementor-widget-container\">\n\t\t\t\t\t\t\t\t\t<p>Sie finden uns im Zentrum Kirchlicher Dienste, <strong>H\u00fcttenbergstr. 42 in 66538 Neunkirchen<\/strong>, gegen\u00fcber der Marienkirche.<\/p><p>Parkpl\u00e4tze (kostenpflichtig bzw. mit Parkscheibe) finden sie in den angrenzenden Stra\u00dfen sowie am B\u00fcrgerhaus (Adolf-Kolping-Stra\u00dfe).<\/p><p>Ein barrierefreier Zugang zu unserer Gesch\u00e4ftsstelle ist \u00fcber den Eingang in der Jacobstra\u00dfe m\u00f6glich.<\/p><p><strong>E-Mail: betreuungsverein@skfm-nk.de<\/strong><\/p><p><strong>Telefon: 06821 &#8211; 13940<\/strong><\/p><p><strong>Fax: 06821 &#8211; 913804<\/strong><\/p>\t\t\t\t\t\t\t\t<\/div>\n\t\t\t\t<\/div>\n\t\t\t\t<div class=\"elementor-element elementor-element-182e419b elementor-fixed animated-slow elementor-hidden-mobile elementor-view-default elementor-invisible elementor-widget elementor-widget-icon\" data-id=\"182e419b\" data-element_type=\"widget\" data-settings=\"{&quot;_position&quot;:&quot;fixed&quot;,&quot;_animation&quot;:&quot;fadeIn&quot;,&quot;_animation_delay&quot;:1800}\" data-widget_type=\"icon.default\">\n\t\t\t\t<div class=\"elementor-widget-container\">\n\t\t\t\t\t\t\t<div class=\"elementor-icon-wrapper\">\n\t\t\t<a class=\"elementor-icon elementor-animation-grow\" href=\"#elementor-action%3Aaction%3Dpopup%3Aopen%26settings%3DeyJpZCI6MTYsInRvZ2dsZSI6ZmFsc2V9\">\n\t\t\t<svg xmlns=\"http:\/\/www.w3.org\/2000\/svg\" viewBox=\"0 0 70 70\"><path fill-rule=\"evenodd\" clip-rule=\"evenodd\" d=\"M27.862 29.5h14.786c.752 0 1.362.61 1.362 1.362v.361l-8.909 3.62-8.601-3.494v-.487c0-.752.61-1.362 1.362-1.362ZM26.5 32.968v7.17c0 .752.61 1.362 1.362 1.362h14.786c.752 0 1.362-.61 1.362-1.362v-7.296l-8.627 3.505-.282.115-.282-.115-8.319-3.38ZM25 30.862A2.862 2.862 0 0 1 27.862 28h14.786a2.862 2.862 0 0 1 2.862 2.862v9.276A2.862 2.862 0 0 1 42.648 43H27.862A2.862 2.862 0 0 1 25 40.138v-9.276Z\"><\/path><\/svg>\t\t\t<\/a>\n\t\t<\/div>\n\t\t\t\t\t\t<\/div>\n\t\t\t\t<\/div>\n\t\t\t\t\t<\/div>\n\t\t\t\t<\/div>\n\t\t<div class=\"elementor-element elementor-element-169fa7d0 e-flex e-con-boxed e-con e-parent\" data-id=\"169fa7d0\" data-element_type=\"container\">\n\t\t\t\t\t<div class=\"e-con-inner\">\n\t\t<div class=\"elementor-element elementor-element-14f0f255 e-con-full e-flex e-con e-child\" data-id=\"14f0f255\" data-element_type=\"container\">\n\t\t<div class=\"elementor-element elementor-element-7cccab06 e-flex e-con-boxed e-con e-child\" data-id=\"7cccab06\" data-element_type=\"container\">\n\t\t\t\t\t<div class=\"e-con-inner\">\n\t\t\t\t<div class=\"elementor-element elementor-element-7691961d elementor-widget elementor-widget-heading\" data-id=\"7691961d\" data-element_type=\"widget\" data-widget_type=\"heading.default\">\n\t\t\t\t<div class=\"elementor-widget-container\">\n\t\t\t\t\t<h2 class=\"elementor-heading-title elementor-size-default\">Wir w\u00fcrden uns freuen von Ihnen zu h\u00f6ren.<\/h2>\t\t\t\t<\/div>\n\t\t\t\t<\/div>\n\t\t\t\t<div class=\"elementor-element elementor-element-433865d3 elementor-widget elementor-widget-text-editor\" data-id=\"433865d3\" data-element_type=\"widget\" data-widget_type=\"text-editor.default\">\n\t\t\t\t<div class=\"elementor-widget-container\">\n\t\t\t\t\t\t\t\t\t<p><strong>Weitere Sprechzeiten au\u00dferhalb des B\u00fcros:<\/strong> <br \/>Wir bieten jeden letzten Donnerstag im Monat bei der Gemeinde Illingen, von 14.00 &#8211; 16.00 Uhr eine Sprechstunde an. Eine Voranmeldung unter der Telefonnummer 06825 &#8211; 409126 ist erforderlich.<\/p><p>An jedem Donnerstag in ungeraden Wochen stehen wir im Momentum &#8211; Kirche am Center &#8211; Bliespromenade 1 in Neunkirchen, in der Zeit von 14.00 &#8211; 15.30 Uhr f\u00fcr Fragen zum Betreuungsrecht, zur Vorsorgevollmacht und zur Patientenverf\u00fcgung zur Verf\u00fcgung. Eine Voranmeldung ist nicht erforderlich.<\/p>\t\t\t\t\t\t\t\t<\/div>\n\t\t\t\t<\/div>\n\t\t\t\t\t<\/div>\n\t\t\t\t<\/div>\n\t\t<div class=\"elementor-element elementor-element-23fe9072 e-flex e-con-boxed e-con e-child\" data-id=\"23fe9072\" data-element_type=\"container\">\n\t\t\t\t\t<div class=\"e-con-inner\">\n\t\t<div class=\"elementor-element elementor-element-773d8018 e-con-full e-flex e-con e-child\" data-id=\"773d8018\" data-element_type=\"container\">\n\t\t\t\t<\/div>\n\t\t\t\t\t<\/div>\n\t\t\t\t<\/div>\n\t\t\t\t<\/div>\n\t\t<div class=\"elementor-element elementor-element-7e1bbcb e-con-full e-flex e-con e-child\" data-id=\"7e1bbcb\" data-element_type=\"container\">\n\t\t\t\t<div class=\"elementor-element elementor-element-6541bab elementor-button-align-stretch elementor-widget elementor-widget-form\" data-id=\"6541bab\" data-element_type=\"widget\" data-settings=\"{&quot;step_next_label&quot;:&quot;N\\u00e4chster&quot;,&quot;step_previous_label&quot;:&quot;Voriger&quot;,&quot;step_icon_shape&quot;:&quot;square&quot;,&quot;button_width&quot;:&quot;100&quot;,&quot;step_type&quot;:&quot;number_text&quot;}\" data-widget_type=\"form.default\">\n\t\t\t\t<div class=\"elementor-widget-container\">\n\t\t\t\t\t\t\t<form class=\"elementor-form\" method=\"post\" name=\"Neues Formular\">\n\t\t\t<input type=\"hidden\" name=\"post_id\" value=\"41\"\/>\n\t\t\t<input type=\"hidden\" name=\"form_id\" value=\"6541bab\"\/>\n\t\t\t<input type=\"hidden\" name=\"referer_title\" value=\"\" \/>\n\n\t\t\t\n\t\t\t<div class=\"elementor-form-fields-wrapper elementor-labels-\">\n\t\t\t\t\t\t\t\t<div class=\"elementor-field-type-text elementor-field-group elementor-column elementor-field-group-name elementor-col-100 elementor-md-100 elementor-field-required\">\n\t\t\t\t\t\t\t\t\t\t\t\t<label for=\"form-field-name\" class=\"elementor-field-label elementor-screen-only\">\n\t\t\t\t\t\t\t\tName\t\t\t\t\t\t\t<\/label>\n\t\t\t\t\t\t\t\t\t\t\t\t\t\t<input size=\"1\" type=\"text\" name=\"form_fields[name]\" id=\"form-field-name\" class=\"elementor-field elementor-size-md  elementor-field-textual\" placeholder=\" Name\" required=\"required\" aria-required=\"true\">\n\t\t\t\t\t\t\t\t\t\t\t<\/div>\n\t\t\t\t\t\t\t\t<div class=\"elementor-field-type-email elementor-field-group elementor-column elementor-field-group-email elementor-col-100 elementor-md-100 elementor-field-required\">\n\t\t\t\t\t\t\t\t\t\t\t\t<label for=\"form-field-email\" class=\"elementor-field-label elementor-screen-only\">\n\t\t\t\t\t\t\t\tE-Mail\t\t\t\t\t\t\t<\/label>\n\t\t\t\t\t\t\t\t\t\t\t\t\t\t<input size=\"1\" type=\"email\" name=\"form_fields[email]\" id=\"form-field-email\" class=\"elementor-field elementor-size-md  elementor-field-textual\" placeholder=\" E-Mail\" required=\"required\" aria-required=\"true\">\n\t\t\t\t\t\t\t\t\t\t\t<\/div>\n\t\t\t\t\t\t\t\t<div class=\"elementor-field-type-textarea elementor-field-group elementor-column elementor-field-group-message elementor-col-100 elementor-md-100\">\n\t\t\t\t\t\t\t\t\t\t\t\t<label for=\"form-field-message\" class=\"elementor-field-label elementor-screen-only\">\n\t\t\t\t\t\t\t\tNachricht\t\t\t\t\t\t\t<\/label>\n\t\t\t\t\t\t<textarea class=\"elementor-field-textual elementor-field  elementor-size-md\" name=\"form_fields[message]\" id=\"form-field-message\" rows=\"6\" placeholder=\" Nachricht\"><\/textarea>\t\t\t\t<\/div>\n\t\t\t\t\t\t\t\t<div class=\"elementor-field-group elementor-column elementor-field-type-submit elementor-col-100 e-form__buttons\">\n\t\t\t\t\t<button class=\"elementor-button elementor-size-sm\" type=\"submit\">\n\t\t\t\t\t\t<span class=\"elementor-button-content-wrapper\">\n\t\t\t\t\t\t\t\t\t\t\t\t\t\t\t\t\t\t\t\t\t\t<span class=\"elementor-button-text\">Senden<\/span>\n\t\t\t\t\t\t\t\t\t\t\t\t\t<\/span>\n\t\t\t\t\t<\/button>\n\t\t\t\t<\/div>\n\t\t\t<\/div>\n\t\t<\/form>\n\t\t\t\t\t\t<\/div>\n\t\t\t\t<\/div>\n\t\t\t\t<\/div>\n\t\t\t\t\t<\/div>\n\t\t\t\t<\/div>\n\t\t\t\t<\/div>\n\t\t","protected":false},"excerpt":{"rendered":"<p>Kontaktieren Sie uns F\u00fcr telefonische und pers\u00f6nliche Kontakte stehen\u00a0wir\u00a0zu folgenden Zeiten zur Verf\u00fcgung: Montag\u00a0 \u00a0 \u00a0 \u00a0 \u00a09.00 &#8211; 12.00 UhrDienstag\u00a0 \u00a0 \u00a013.30 &#8211; 16.30 UhrDonnerstag\u00a0 9.00 &#8211; 12.00 Uhr Au\u00dferhalb der B\u00fcrozeiten k\u00f6nnen Sie eine Nachricht auf dem Anrufbeantworter hinterlassen, wir rufen Sie zeitnah zur\u00fcck. Sie finden uns im Zentrum Kirchlicher Dienste, H\u00fcttenbergstr. 42 [&hellip;]<\/p>\n","protected":false},"author":1,"featured_media":0,"parent":0,"menu_order":0,"comment_status":"closed","ping_status":"closed","template":"elementor_header_footer","meta":{"footnotes":""},"class_list":["post-41","page","type-page","status-publish","hentry"],"_links":{"self":[{"href":"https:\/\/skfm-nk.de\/index.php\/wp-json\/wp\/v2\/pages\/41","targetHints":{"allow":["GET"]}}],"collection":[{"href":"https:\/\/skfm-nk.de\/index.php\/wp-json\/wp\/v2\/pages"}],"about":[{"href":"https:\/\/skfm-nk.de\/index.php\/wp-json\/wp\/v2\/types\/page"}],"author":[{"embeddable":true,"href":"https:\/\/skfm-nk.de\/index.php\/wp-json\/wp\/v2\/users\/1"}],"replies":[{"embeddable":true,"href":"https:\/\/skfm-nk.de\/index.php\/wp-json\/wp\/v2\/comments?post=41"}],"version-history":[{"count":232,"href":"https:\/\/skfm-nk.de\/index.php\/wp-json\/wp\/v2\/pages\/41\/revisions"}],"predecessor-version":[{"id":4400,"href":"https:\/\/skfm-nk.de\/index.php\/wp-json\/wp\/v2\/pages\/41\/revisions\/4400"}],"wp:attachment":[{"href":"https:\/\/skfm-nk.de\/index.php\/wp-json\/wp\/v2\/media?parent=41"}],"curies":[{"name":"wp","href":"https:\/\/api.w.org\/{rel}","templated":true}]}}

<div data-elementor-type="wp-page" data-elementor-id="41" class="elementor elementor-41" data-elementor-post-type="page">
				<div class="elementor-element elementor-element-6c66427 e-flex e-con-boxed e-con e-parent" data-id="6c66427" data-element_type="container" data-settings="{&quot;background_background&quot;:&quot;classic&quot;}">
					<div class="e-con-inner">
				<div class="elementor-element elementor-element-3bae9b97 elementor-widget elementor-widget-heading" data-id="3bae9b97" data-element_type="widget" data-widget_type="heading.default">
				<div class="elementor-widget-container">
					<h2 class="elementor-heading-title elementor-size-default">Kontaktieren 
Sie uns</h2>				</div>
				</div>
				<div class="elementor-element elementor-element-67cd9a0 elementor-widget__width-initial elementor-invisible elementor-widget elementor-widget-text-editor" data-id="67cd9a0" data-element_type="widget" data-settings="{&quot;_animation&quot;:&quot;fadeIn&quot;,&quot;_animation_delay&quot;:300}" data-widget_type="text-editor.default">
				<div class="elementor-widget-container">
									<p>Für telefonische und persönliche Kontakte stehen wir zu folgenden Zeiten zur Verfügung:</p><p style="text-align: left;">Montag         9.00 &#8211; 12.00 Uhr<br />Dienstag     13.30 &#8211; 16.30 Uhr<br />Donnerstag  9.00 &#8211; 12.00 Uhr</p><p>Außerhalb der Bürozeiten können Sie eine Nachricht auf dem Anrufbeantworter hinterlassen, wir rufen Sie zeitnah zurück.</p>								</div>
				</div>
				<div class="elementor-element elementor-element-018b04d elementor-widget__width-initial elementor-invisible elementor-widget elementor-widget-text-editor" data-id="018b04d" data-element_type="widget" data-settings="{&quot;_animation&quot;:&quot;fadeIn&quot;,&quot;_animation_delay&quot;:300}" data-widget_type="text-editor.default">
				<div class="elementor-widget-container">
									<p>Sie finden uns im Zentrum Kirchlicher Dienste, <strong>Hüttenbergstr. 42 in 66538 Neunkirchen</strong>, gegenüber der Marienkirche.</p><p>Parkplätze (kostenpflichtig bzw. mit Parkscheibe) finden sie in den angrenzenden Straßen sowie am Bürgerhaus (Adolf-Kolping-Straße).</p><p>Ein barrierefreier Zugang zu unserer Geschäftsstelle ist über den Eingang in der Jacobstraße möglich.</p><p><strong>E-Mail: betreuungsverein@skfm-nk.de</strong></p><p><strong>Telefon: 06821 &#8211; 13940</strong></p><p><strong>Fax: 06821 &#8211; 913804</strong></p>								</div>
				</div>
				<div class="elementor-element elementor-element-182e419b elementor-fixed animated-slow elementor-hidden-mobile elementor-view-default elementor-invisible elementor-widget elementor-widget-icon" data-id="182e419b" data-element_type="widget" data-settings="{&quot;_position&quot;:&quot;fixed&quot;,&quot;_animation&quot;:&quot;fadeIn&quot;,&quot;_animation_delay&quot;:1800}" data-widget_type="icon.default">
				<div class="elementor-widget-container">
							<div class="elementor-icon-wrapper">
			<a class="elementor-icon elementor-animation-grow" href="#elementor-action%3Aaction%3Dpopup%3Aopen%26settings%3DeyJpZCI6MTYsInRvZ2dsZSI6ZmFsc2V9">
			<svg xmlns="http://www.w3.org/2000/svg" viewBox="0 0 70 70"><path fill-rule="evenodd" clip-rule="evenodd" d="M27.862 29.5h14.786c.752 0 1.362.61 1.362 1.362v.361l-8.909 3.62-8.601-3.494v-.487c0-.752.61-1.362 1.362-1.362ZM26.5 32.968v7.17c0 .752.61 1.362 1.362 1.362h14.786c.752 0 1.362-.61 1.362-1.362v-7.296l-8.627 3.505-.282.115-.282-.115-8.319-3.38ZM25 30.862A2.862 2.862 0 0 1 27.862 28h14.786a2.862 2.862 0 0 1 2.862 2.862v9.276A2.862 2.862 0 0 1 42.648 43H27.862A2.862 2.862 0 0 1 25 40.138v-9.276Z"></path></svg>			</a>
		</div>
						</div>
				</div>
					</div>
				</div>
		<div class="elementor-element elementor-element-169fa7d0 e-flex e-con-boxed e-con e-parent" data-id="169fa7d0" data-element_type="container">
					<div class="e-con-inner">
		<div class="elementor-element elementor-element-14f0f255 e-con-full e-flex e-con e-child" data-id="14f0f255" data-element_type="container">
		<div class="elementor-element elementor-element-7cccab06 e-flex e-con-boxed e-con e-child" data-id="7cccab06" data-element_type="container">
					<div class="e-con-inner">
				<div class="elementor-element elementor-element-7691961d elementor-widget elementor-widget-heading" data-id="7691961d" data-element_type="widget" data-widget_type="heading.default">
				<div class="elementor-widget-container">
					<h2 class="elementor-heading-title elementor-size-default">Wir würden uns freuen von Ihnen zu hören.</h2>				</div>
				</div>
				<div class="elementor-element elementor-element-433865d3 elementor-widget elementor-widget-text-editor" data-id="433865d3" data-element_type="widget" data-widget_type="text-editor.default">
				<div class="elementor-widget-container">
									<p><strong>Weitere Sprechzeiten außerhalb des Büros:</strong> <br />Wir bieten jeden letzten Donnerstag im Monat bei der Gemeinde Illingen, von 14.00 &#8211; 16.00 Uhr eine Sprechstunde an. Eine Voranmeldung unter der Telefonnummer 06825 &#8211; 409126 ist erforderlich.</p><p>An jedem Donnerstag in ungeraden Wochen stehen wir im Momentum &#8211; Kirche am Center &#8211; Bliespromenade 1 in Neunkirchen, in der Zeit von 14.00 &#8211; 15.30 Uhr für Fragen zum Betreuungsrecht, zur Vorsorgevollmacht und zur Patientenverfügung zur Verfügung. Eine Voranmeldung ist nicht erforderlich.</p>								</div>
				</div>
					</div>
				</div>
		<div class="elementor-element elementor-element-23fe9072 e-flex e-con-boxed e-con e-child" data-id="23fe9072" data-element_type="container">
					<div class="e-con-inner">
		<div class="elementor-element elementor-element-773d8018 e-con-full e-flex e-con e-child" data-id="773d8018" data-element_type="container">
				</div>
					</div>
				</div>
				</div>
		<div class="elementor-element elementor-element-7e1bbcb e-con-full e-flex e-con e-child" data-id="7e1bbcb" data-element_type="container">
				<div class="elementor-element elementor-element-6541bab elementor-button-align-stretch elementor-widget elementor-widget-form" data-id="6541bab" data-element_type="widget" data-settings="{&quot;step_next_label&quot;:&quot;N\u00e4chster&quot;,&quot;step_previous_label&quot;:&quot;Voriger&quot;,&quot;step_icon_shape&quot;:&quot;square&quot;,&quot;button_width&quot;:&quot;100&quot;,&quot;step_type&quot;:&quot;number_text&quot;}" data-widget_type="form.default">
				<div class="elementor-widget-container">
							<form class="elementor-form" method="post" name="Neues Formular">
			<input type="hidden" name="post_id" value="41"/>
			<input type="hidden" name="form_id" value="6541bab"/>
			<input type="hidden" name="referer_title" value="" />

			
			<div class="elementor-form-fields-wrapper elementor-labels-">
								<div class="elementor-field-type-text elementor-field-group elementor-column elementor-field-group-name elementor-col-100 elementor-md-100 elementor-field-required">
												<label for="form-field-name" class="elementor-field-label elementor-screen-only">
								Name							</label>
														<input size="1" type="text" name="form_fields[name]" id="form-field-name" class="elementor-field elementor-size-md  elementor-field-textual" placeholder=" Name" required="required" aria-required="true">
											</div>
								<div class="elementor-field-type-email elementor-field-group elementor-column elementor-field-group-email elementor-col-100 elementor-md-100 elementor-field-required">
												<label for="form-field-email" class="elementor-field-label elementor-screen-only">
								E-Mail							</label>
														<input size="1" type="email" name="form_fields[email]" id="form-field-email" class="elementor-field elementor-size-md  elementor-field-textual" placeholder=" E-Mail" required="required" aria-required="true">
											</div>
								<div class="elementor-field-type-textarea elementor-field-group elementor-column elementor-field-group-message elementor-col-100 elementor-md-100">
												<label for="form-field-message" class="elementor-field-label elementor-screen-only">
								Nachricht							</label>
						<textarea class="elementor-field-textual elementor-field  elementor-size-md" name="form_fields[message]" id="form-field-message" rows="6" placeholder=" Nachricht"></textarea>				</div>
								<div class="elementor-field-group elementor-column elementor-field-type-submit elementor-col-100 e-form__buttons">
					<button class="elementor-button elementor-size-sm" type="submit">
						<span class="elementor-button-content-wrapper">
																						<span class="elementor-button-text">Senden</span>
													</span>
					</button>
				</div>
			</div>
		</form>
						</div>
				</div>
				</div>
					</div>
				</div>
				</div>

<p>Kontaktieren Sie uns Für telefonische und persönliche Kontakte stehen wir zu folgenden Zeiten zur Verfügung: Montag         9.00 &#8211; 12.00 UhrDienstag     13.30 &#8211; 16.30 UhrDonnerstag  9.00 &#8211; 12.00 Uhr Außerhalb der Bürozeiten können Sie eine Nachricht auf dem Anrufbeantworter hinterlassen, wir rufen Sie zeitnah zurück. Sie finden uns im Zentrum Kirchlicher Dienste, Hüttenbergstr. 42 [&hellip;]</p>
