{"id":567,"date":"2023-10-17T14:19:21","date_gmt":"2023-10-17T14:19:21","guid":{"rendered":"https:\/\/jjk.merioscloud.de\/?page_id=567"},"modified":"2023-12-20T18:26:24","modified_gmt":"2023-12-20T18:26:24","slug":"notfallkarte","status":"publish","type":"page","link":"https:\/\/skfm-nk.de\/index.php\/notfallkarte\/","title":{"rendered":"Notfallkarte"},"content":{"rendered":"\t\t<div data-elementor-type=\"wp-page\" data-elementor-id=\"567\" class=\"elementor elementor-567\" data-elementor-post-type=\"page\">\n\t\t\t\t<div class=\"elementor-element elementor-element-7416f431 e-flex e-con-boxed e-con e-child\" data-id=\"7416f431\" data-element_type=\"container\">\n\t\t\t\t\t<div class=\"e-con-inner\">\n\t\t\t\t<div class=\"elementor-element elementor-element-5d8dd6e7 elementor-widget__width-inherit elementor-widget-divider--view-line elementor-invisible elementor-widget elementor-widget-divider\" data-id=\"5d8dd6e7\" data-element_type=\"widget\" data-settings=\"{&quot;_animation&quot;:&quot;fadeInLeft&quot;}\" data-widget_type=\"divider.default\">\n\t\t\t\t<div class=\"elementor-widget-container\">\n\t\t\t\t\t\t\t<div class=\"elementor-divider\">\n\t\t\t<span class=\"elementor-divider-separator\">\n\t\t\t\t\t\t<\/span>\n\t\t<\/div>\n\t\t\t\t\t\t<\/div>\n\t\t\t\t<\/div>\n\t\t\t\t<div class=\"elementor-element elementor-element-3f21c582 elementor-widget__width-initial elementor-widget-tablet__width-inherit elementor-widget elementor-widget-heading\" data-id=\"3f21c582\" data-element_type=\"widget\" data-widget_type=\"heading.default\">\n\t\t\t\t<div class=\"elementor-widget-container\">\n\t\t\t\t\t<h2 class=\"elementor-heading-title elementor-size-default\">Notfallkarte<\/h2>\t\t\t\t<\/div>\n\t\t\t\t<\/div>\n\t\t\t\t<div class=\"elementor-element elementor-element-35b80279 elementor-widget__width-initial elementor-widget-tablet__width-inherit elementor-widget elementor-widget-text-editor\" data-id=\"35b80279\" data-element_type=\"widget\" data-widget_type=\"text-editor.default\">\n\t\t\t\t<div class=\"elementor-widget-container\">\n\t\t\t\t\t\t\t\t\t<p>In unserer Gesch\u00e4ftsstelle ist eine Notfallkarte erh\u00e4ltlich. In der Notfallkarte kann angekreuzt werden, welche Vorsorgem\u00f6glichkeiten getroffen wurden. Hier bietet sich auch die M\u00f6glichkeit f\u00fcr einen Betreuer seine Kontaktdaten anzugeben, damit Sie im Notfall Ihres Betreuten schnell informiert werden k\u00f6nnen.<\/p><p>In der Notfallkarte kann vermerkt werden, welche Vorsorgem\u00f6glichkeiten getroffen wurden. Des Weiteren k\u00f6nnen die Kontaktdaten einer Vertrauensperson bzw. der\/des Bevollm\u00e4chtigten sowie einer Ersatzperson eingetragen werde. Im Bedarfsfall ist so sehr schnell nachvollziehbar, ob und welche Vorsorgeverf\u00fcgungen getroffen wurden. Die Notfallkarte hat die Gr\u00f6\u00dfe einer Checkkarte und kann somit gut im Geldbeutel mitgef\u00fchrt werden. Die Notfallkarte ist in unserer Gesch\u00e4ftsstelle kostenlos erh\u00e4ltlich.<\/p>\t\t\t\t\t\t\t\t<\/div>\n\t\t\t\t<\/div>\n\t\t\t\t\t<\/div>\n\t\t\t\t<\/div>\n\t\t<div class=\"elementor-element elementor-element-0e9ccca e-flex e-con-boxed e-con e-parent\" data-id=\"0e9ccca\" data-element_type=\"container\">\n\t\t\t\t\t<div class=\"e-con-inner\">\n\t\t\t\t<div class=\"elementor-element elementor-element-c0e2e4b elementor-widget elementor-widget-image\" data-id=\"c0e2e4b\" data-element_type=\"widget\" data-widget_type=\"image.default\">\n\t\t\t\t<div class=\"elementor-widget-container\">\n\t\t\t\t\t\t\t\t\t\t\t\t\t\t\t<img decoding=\"async\" src=\"https:\/\/skfm-nk.de\/wp-content\/uploads\/elementor\/thumbs\/titel-notfallkarte-qgukvxty17if7egfg3yn5jud2ywt69d3jqcc5mbcje.png\" title=\"titel notfallkarte\" alt=\"titel notfallkarte\" loading=\"lazy\" \/>\t\t\t\t\t\t\t\t\t\t\t\t\t\t\t<\/div>\n\t\t\t\t<\/div>\n\t\t\t\t\t<\/div>\n\t\t\t\t<\/div>\n\t\t\t\t<\/div>\n\t\t","protected":false},"excerpt":{"rendered":"<p>Notfallkarte In unserer Gesch\u00e4ftsstelle ist eine Notfallkarte erh\u00e4ltlich. In der Notfallkarte kann angekreuzt werden, welche Vorsorgem\u00f6glichkeiten getroffen wurden. Hier bietet sich auch die M\u00f6glichkeit f\u00fcr einen Betreuer seine Kontaktdaten anzugeben, damit Sie im Notfall Ihres Betreuten schnell informiert werden k\u00f6nnen. In der Notfallkarte kann vermerkt werden, welche Vorsorgem\u00f6glichkeiten getroffen wurden. Des Weiteren k\u00f6nnen die Kontaktdaten [&hellip;]<\/p>\n","protected":false},"author":1,"featured_media":0,"parent":0,"menu_order":0,"comment_status":"closed","ping_status":"closed","template":"","meta":{"footnotes":""},"class_list":["post-567","page","type-page","status-publish","hentry"],"_links":{"self":[{"href":"https:\/\/skfm-nk.de\/index.php\/wp-json\/wp\/v2\/pages\/567","targetHints":{"allow":["GET"]}}],"collection":[{"href":"https:\/\/skfm-nk.de\/index.php\/wp-json\/wp\/v2\/pages"}],"about":[{"href":"https:\/\/skfm-nk.de\/index.php\/wp-json\/wp\/v2\/types\/page"}],"author":[{"embeddable":true,"href":"https:\/\/skfm-nk.de\/index.php\/wp-json\/wp\/v2\/users\/1"}],"replies":[{"embeddable":true,"href":"https:\/\/skfm-nk.de\/index.php\/wp-json\/wp\/v2\/comments?post=567"}],"version-history":[{"count":31,"href":"https:\/\/skfm-nk.de\/index.php\/wp-json\/wp\/v2\/pages\/567\/revisions"}],"predecessor-version":[{"id":2903,"href":"https:\/\/skfm-nk.de\/index.php\/wp-json\/wp\/v2\/pages\/567\/revisions\/2903"}],"wp:attachment":[{"href":"https:\/\/skfm-nk.de\/index.php\/wp-json\/wp\/v2\/media?parent=567"}],"curies":[{"name":"wp","href":"https:\/\/api.w.org\/{rel}","templated":true}]}}