{"id":575,"date":"2023-10-17T14:27:25","date_gmt":"2023-10-17T14:27:25","guid":{"rendered":"https:\/\/jjk.merioscloud.de\/?page_id=575"},"modified":"2024-02-06T09:23:55","modified_gmt":"2024-02-06T09:23:55","slug":"aufgaben-der-betreuerinnen","status":"publish","type":"page","link":"https:\/\/skfm-nk.de\/index.php\/aufgaben-der-betreuerinnen\/","title":{"rendered":"Aufgaben der BetreuerInnen"},"content":{"rendered":"\t\t<div data-elementor-type=\"wp-page\" data-elementor-id=\"575\" class=\"elementor elementor-575\" data-elementor-post-type=\"page\">\n\t\t\t\t<div class=\"elementor-element elementor-element-a7f7f21 e-flex e-con-boxed e-con e-child\" data-id=\"a7f7f21\" data-element_type=\"container\">\n\t\t\t\t\t<div class=\"e-con-inner\">\n\t\t\t\t<div class=\"elementor-element elementor-element-cb8dec6 elementor-widget__width-inherit elementor-widget-divider--view-line elementor-invisible elementor-widget elementor-widget-divider\" data-id=\"cb8dec6\" data-element_type=\"widget\" data-settings=\"{&quot;_animation&quot;:&quot;fadeInLeft&quot;}\" data-widget_type=\"divider.default\">\n\t\t\t\t<div class=\"elementor-widget-container\">\n\t\t\t\t\t\t\t<div class=\"elementor-divider\">\n\t\t\t<span class=\"elementor-divider-separator\">\n\t\t\t\t\t\t<\/span>\n\t\t<\/div>\n\t\t\t\t\t\t<\/div>\n\t\t\t\t<\/div>\n\t\t\t\t<div class=\"elementor-element elementor-element-f5f3b93 elementor-widget__width-initial elementor-widget-tablet__width-inherit elementor-widget elementor-widget-heading\" data-id=\"f5f3b93\" data-element_type=\"widget\" data-widget_type=\"heading.default\">\n\t\t\t\t<div class=\"elementor-widget-container\">\n\t\t\t\t\t<h2 class=\"elementor-heading-title elementor-size-default\">Aufgaben der BetreuerInnen<\/h2>\t\t\t\t<\/div>\n\t\t\t\t<\/div>\n\t\t\t\t<div class=\"elementor-element elementor-element-13c6185 elementor-widget__width-initial elementor-widget-tablet__width-inherit elementor-widget elementor-widget-text-editor\" data-id=\"13c6185\" data-element_type=\"widget\" data-widget_type=\"text-editor.default\">\n\t\t\t\t<div class=\"elementor-widget-container\">\n\t\t\t\t\t\t\t\t\t<p><strong>Wann wird ein\/e BetreuerIn bestellt?<\/strong><br>Ein\/e BetreuerIn wird <a href=\"https:\/\/dejure.org\/gesetze\/BGB\/1814.html\" target=\"_blank\" rel=\"noopener\"><span style=\"text-decoration: underline;\"><strong>\u00a7 1814 Abs. 1<\/strong><\/span><\/a> BGB f\u00fcr einen vollj\u00e4hrigen Menschen bestellt, wenn dieser seine Angelegenheiten ganz oder teilweise rechtlich nicht besorgen kann und dies auf einer Krankheit oder Behinderung beruht.<\/p>\n<p><strong>Was darf ein\/e BetreuerIn bestimmen und entscheiden?<\/strong><br>Ein\/e BetreuerIn darf nur f\u00fcr solche Angelegenheiten Entscheidungen treffen, f\u00fcr die sie\/er vom Gericht bestellt wurde. Innerhalb dessen hat die\/der BetreuerIn sich an den W\u00fcnschen der\/des Betreuten zu orientieren, selbst wenn diese unvern\u00fcnftig erscheinen. Entscheidungen gegen den Willen der\/des Betreuten stellen die Ausnahme dar. Sind beispielsweise Entscheidungen bei \u00e4rztlichen Eingriffen zu treffen, so darf die\/der BetreuerIn nur dann entscheiden, wenn die\/der Betroffene die Konsequenzen ihres\/seines Handelns nicht mehr \u00fcberblicken kann (Einwilligungsunf\u00e4higkeit). Im \u00dcbrigen hat ein\/e BetreuerIn wichtige Angelegenheiten mit der\/dem Betreuten zu besprechen, bevor sie umgesetzt werden.<\/p>\n<p><strong>Muss das Gericht Entscheidungen im Rahmen einer gesetzlichen Betreuung genehmigen?<\/strong><br>Grunds\u00e4tzlich ist eine Genehmigung des Gerichts zur Wirksamkeit von Rechtshandlungen des Betreuers\/der Betreuerin nicht erforderlich. Ausgenommen sind solche Entscheidungen, die eine besondere Bedeutung haben oder mit weitreichenden Folgen f\u00fcr die\/den Betreuten verbunden sind. Hierbei kann es sich beispielsweise um Entscheidungen bez\u00fcglich der Einschr\u00e4nkung der Freiheit des\/der Betroffenen handeln, aber auch um sehr weitreichende medizinische Ma\u00dfnahmen.<\/p>\n<p>Das Anlegen oder L\u00f6schen eines Girokontos oder Sparbuchs muss dem Gericht lediglich angezeigt werden.<\/p>\n<p><strong>F\u00fcr welche Aufgabenbereiche wird ein\/e BetreuerIn bestellt?<\/strong><br>F\u00fcr welche Aufgabenbereiche ein\/e BetreuerIn bestellt wird, wird vom Betreuungsgericht gemeinsam mit der zu betreuenden Person festgelegt Dabei kann es sich beispielsweise um folgende Aufgabenbereiche handeln:<\/p>\n<ul>\n<li>Geltendmachung von Anspr\u00fcchen auf Pflege- und Sozialleistungen (Pflegeversicherung, Grundsicherung, Sozialhilfe, u.\u00e4.)<\/li>\n<li>Vertretung beim Abschluss bzw. K\u00fcndigung von Vertr\u00e4gen (auch Heimvertr\u00e4gen)<\/li>\n<li>Verm\u00f6genssorge (Regelung von Geldangelegenheiten)<\/li>\n<li>Vertretung in Gesundheitsangelegenheiten<\/li>\n<li>Organisation von sozialen Hilfsdiensten<\/li>\n<li>Vertretung der Interessen gegen\u00fcber Dritten (z.B. Heimleitung, Krankenhaus,&#8230;)<br><br><\/li>\n<\/ul>\n<p>Folgende Entscheidungen d\u00fcrfen nur getroffen werden, wenn sie ausdr\u00fccklich im Betreuerausweis aufgef\u00fchrt sind:<\/p>\n<ul>\n<li>eine mit Freiheitsentziehung verbundene Unterbringung<\/li>\n<li>freiheitsentziehende Ma\u00dfnahmen (Bettgitter, Fixierungen,&#8230;)<\/li>\n<li>Umgang des Betreuten<\/li>\n<li>Entscheidungen \u00fcber die Telekommunikation einschl. der elektronischen Kommunikation<\/li>\n<li>Anhalten und \u00d6ffnen der Post<\/li>\n<\/ul>\n<p><strong><br>Wer kontrolliert die\/den BetreuerIn? <br><\/strong>Die\/der BetreuerIn wird durch das Gericht, das die Betreuung angeordnet hat, \u00fcberwacht. So hat die\/der BetreuerIn beispielsweise die Verpflichtung, j\u00e4hrlich \u00fcber ihre\/seine T\u00e4tigkeit zu berichten. Geh\u00f6rt zum Aufgabenkreis der Betreuerin\/des Betreuers auch die Verm\u00f6genssorge, muss ein\/e BetreuerIn zus\u00e4tzlich einmal j\u00e4hrlich \u00fcber das verwaltete Verm\u00f6gen Rechnung legen, sofern das Betreuungsgericht nichts anderes anordnet. Lediglich sogenannte \u201ebefreite BetreuerInnen\u201c (Ehegatte, Eltern, Abk\u00f6mmlinge der\/des Betreuten in gerader Linie und Geschwister) sind von der Pflicht der j\u00e4hrlichen Rechnungslegung befreit. Sie m\u00fcssen lediglich eine Verm\u00f6gens\u00fcbersicht einreichen.<\/p>\t\t\t\t\t\t\t\t<\/div>\n\t\t\t\t<\/div>\n\t\t\t\t\t<\/div>\n\t\t\t\t<\/div>\n\t\t\t\t<\/div>\n\t\t","protected":false},"excerpt":{"rendered":"<p>Aufgaben der BetreuerInnen Wann wird ein\/e BetreuerIn bestellt?Ein\/e BetreuerIn wird \u00a7 1814 Abs. 1 BGB f\u00fcr einen vollj\u00e4hrigen Menschen bestellt, wenn dieser seine Angelegenheiten ganz oder teilweise rechtlich nicht besorgen kann und dies auf einer Krankheit oder Behinderung beruht. Was darf ein\/e BetreuerIn bestimmen und entscheiden?Ein\/e BetreuerIn darf nur f\u00fcr solche Angelegenheiten Entscheidungen treffen, f\u00fcr [&hellip;]<\/p>\n","protected":false},"author":1,"featured_media":0,"parent":0,"menu_order":0,"comment_status":"closed","ping_status":"closed","template":"","meta":{"footnotes":""},"class_list":["post-575","page","type-page","status-publish","hentry"],"_links":{"self":[{"href":"https:\/\/skfm-nk.de\/index.php\/wp-json\/wp\/v2\/pages\/575","targetHints":{"allow":["GET"]}}],"collection":[{"href":"https:\/\/skfm-nk.de\/index.php\/wp-json\/wp\/v2\/pages"}],"about":[{"href":"https:\/\/skfm-nk.de\/index.php\/wp-json\/wp\/v2\/types\/page"}],"author":[{"embeddable":true,"href":"https:\/\/skfm-nk.de\/index.php\/wp-json\/wp\/v2\/users\/1"}],"replies":[{"embeddable":true,"href":"https:\/\/skfm-nk.de\/index.php\/wp-json\/wp\/v2\/comments?post=575"}],"version-history":[{"count":62,"href":"https:\/\/skfm-nk.de\/index.php\/wp-json\/wp\/v2\/pages\/575\/revisions"}],"predecessor-version":[{"id":3562,"href":"https:\/\/skfm-nk.de\/index.php\/wp-json\/wp\/v2\/pages\/575\/revisions\/3562"}],"wp:attachment":[{"href":"https:\/\/skfm-nk.de\/index.php\/wp-json\/wp\/v2\/media?parent=575"}],"curies":[{"name":"wp","href":"https:\/\/api.w.org\/{rel}","templated":true}]}}