{"id":578,"date":"2023-10-17T14:29:34","date_gmt":"2023-10-17T14:29:34","guid":{"rendered":"https:\/\/jjk.merioscloud.de\/?page_id=578"},"modified":"2023-12-20T18:17:51","modified_gmt":"2023-12-20T18:17:51","slug":"werden-sie-betreuerin","status":"publish","type":"page","link":"https:\/\/skfm-nk.de\/index.php\/werden-sie-betreuerin\/","title":{"rendered":"Werden Sie BetreuerIn"},"content":{"rendered":"\t\t<div data-elementor-type=\"wp-page\" data-elementor-id=\"578\" class=\"elementor elementor-578\" data-elementor-post-type=\"page\">\n\t\t\t\t<div class=\"elementor-element elementor-element-727febd e-flex e-con-boxed e-con e-child\" data-id=\"727febd\" data-element_type=\"container\">\n\t\t\t\t\t<div class=\"e-con-inner\">\n\t\t\t\t<div class=\"elementor-element elementor-element-5e11062 elementor-widget__width-inherit elementor-widget-divider--view-line elementor-invisible elementor-widget elementor-widget-divider\" data-id=\"5e11062\" data-element_type=\"widget\" data-settings=\"{&quot;_animation&quot;:&quot;fadeInLeft&quot;}\" data-widget_type=\"divider.default\">\n\t\t\t\t<div class=\"elementor-widget-container\">\n\t\t\t\t\t\t\t<div class=\"elementor-divider\">\n\t\t\t<span class=\"elementor-divider-separator\">\n\t\t\t\t\t\t<\/span>\n\t\t<\/div>\n\t\t\t\t\t\t<\/div>\n\t\t\t\t<\/div>\n\t\t\t\t<div class=\"elementor-element elementor-element-8c59974 elementor-widget__width-initial elementor-widget-tablet__width-inherit elementor-widget elementor-widget-heading\" data-id=\"8c59974\" data-element_type=\"widget\" data-widget_type=\"heading.default\">\n\t\t\t\t<div class=\"elementor-widget-container\">\n\t\t\t\t\t<h2 class=\"elementor-heading-title elementor-size-default\">Werden Sie BetreuerIn<\/h2>\t\t\t\t<\/div>\n\t\t\t\t<\/div>\n\t\t\t\t<div class=\"elementor-element elementor-element-2a9581f elementor-widget__width-initial elementor-widget-tablet__width-inherit elementor-widget elementor-widget-text-editor\" data-id=\"2a9581f\" data-element_type=\"widget\" data-widget_type=\"text-editor.default\">\n\t\t\t\t<div class=\"elementor-widget-container\">\n\t\t\t\t\t\t\t\t\t<p><strong>Kontaktieren Sie uns.<\/strong><br \/>Wenn Sie Interesse an einer ehrenamtlichen T\u00e4tigkeit als BetreuerIn haben, <a href=\"https:\/\/skfm-nk.de\/index.php\/contact\/\"><strong><span style=\"text-decoration: underline;\">kontaktieren Sie uns<\/span><\/strong><\/a> einfach. In einem gemeinsamen Termin k\u00f6nnen dann die jeweiligen Erwartungen und W\u00fcnsche gekl\u00e4rt werden. In Zusammenarbeit mit der Betreuungsbeh\u00f6rde f\u00fchren wir regelm\u00e4\u00dfig Schulungen und Informatonsveranstaltungen f\u00fcr ehrenamtliche BetreuerInnen durch, die Ihren Einstieg und Ihre T\u00e4tigkeit als BetreuerIn erleichtern.<\/p><p>Weitere Unterst\u00fctzung bei Fragen zur Betreuung erhalten Sie auf Wunsch von den MitarbeiterInnen des Betreuungsvereins.<\/p>\t\t\t\t\t\t\t\t<\/div>\n\t\t\t\t<\/div>\n\t\t\t\t\t<\/div>\n\t\t\t\t<\/div>\n\t\t<div class=\"elementor-element elementor-element-fbcb4e9 e-flex e-con-boxed e-con e-parent\" data-id=\"fbcb4e9\" data-element_type=\"container\">\n\t\t\t\t\t<div class=\"e-con-inner\">\n\t\t\t\t<div class=\"elementor-element elementor-element-8129ab6 elementor-widget elementor-widget-spacer\" data-id=\"8129ab6\" data-element_type=\"widget\" data-widget_type=\"spacer.default\">\n\t\t\t\t<div class=\"elementor-widget-container\">\n\t\t\t\t\t\t\t<div class=\"elementor-spacer\">\n\t\t\t<div class=\"elementor-spacer-inner\"><\/div>\n\t\t<\/div>\n\t\t\t\t\t\t<\/div>\n\t\t\t\t<\/div>\n\t\t\t\t\t<\/div>\n\t\t\t\t<\/div>\n\t\t\t\t<\/div>\n\t\t","protected":false},"excerpt":{"rendered":"<p>Werden Sie BetreuerIn Kontaktieren Sie uns.Wenn Sie Interesse an einer ehrenamtlichen T\u00e4tigkeit als BetreuerIn haben, kontaktieren Sie uns einfach. In einem gemeinsamen Termin k\u00f6nnen dann die jeweiligen Erwartungen und W\u00fcnsche gekl\u00e4rt werden. In Zusammenarbeit mit der Betreuungsbeh\u00f6rde f\u00fchren wir regelm\u00e4\u00dfig Schulungen und Informatonsveranstaltungen f\u00fcr ehrenamtliche BetreuerInnen durch, die Ihren Einstieg und Ihre T\u00e4tigkeit als BetreuerIn [&hellip;]<\/p>\n","protected":false},"author":1,"featured_media":0,"parent":0,"menu_order":0,"comment_status":"closed","ping_status":"closed","template":"","meta":{"footnotes":""},"class_list":["post-578","page","type-page","status-publish","hentry"],"_links":{"self":[{"href":"https:\/\/skfm-nk.de\/index.php\/wp-json\/wp\/v2\/pages\/578","targetHints":{"allow":["GET"]}}],"collection":[{"href":"https:\/\/skfm-nk.de\/index.php\/wp-json\/wp\/v2\/pages"}],"about":[{"href":"https:\/\/skfm-nk.de\/index.php\/wp-json\/wp\/v2\/types\/page"}],"author":[{"embeddable":true,"href":"https:\/\/skfm-nk.de\/index.php\/wp-json\/wp\/v2\/users\/1"}],"replies":[{"embeddable":true,"href":"https:\/\/skfm-nk.de\/index.php\/wp-json\/wp\/v2\/comments?post=578"}],"version-history":[{"count":34,"href":"https:\/\/skfm-nk.de\/index.php\/wp-json\/wp\/v2\/pages\/578\/revisions"}],"predecessor-version":[{"id":2861,"href":"https:\/\/skfm-nk.de\/index.php\/wp-json\/wp\/v2\/pages\/578\/revisions\/2861"}],"wp:attachment":[{"href":"https:\/\/skfm-nk.de\/index.php\/wp-json\/wp\/v2\/media?parent=578"}],"curies":[{"name":"wp","href":"https:\/\/api.w.org\/{rel}","templated":true}]}}