{"id":592,"date":"2023-10-17T14:56:25","date_gmt":"2023-10-17T14:56:25","guid":{"rendered":"https:\/\/jjk.merioscloud.de\/?page_id=592"},"modified":"2024-07-09T10:18:54","modified_gmt":"2024-07-09T10:18:54","slug":"checkliste","status":"publish","type":"page","link":"https:\/\/skfm-nk.de\/index.php\/checkliste\/","title":{"rendered":"Checkliste"},"content":{"rendered":"\t\t<div data-elementor-type=\"wp-page\" data-elementor-id=\"592\" class=\"elementor elementor-592\" data-elementor-post-type=\"page\">\n\t\t\t\t<div class=\"elementor-element elementor-element-612943cf e-flex e-con-boxed e-con e-child\" data-id=\"612943cf\" data-element_type=\"container\">\n\t\t\t\t\t<div class=\"e-con-inner\">\n\t\t\t\t<div class=\"elementor-element elementor-element-41a88a6c elementor-widget__width-inherit elementor-widget-divider--view-line elementor-invisible elementor-widget elementor-widget-divider\" data-id=\"41a88a6c\" data-element_type=\"widget\" data-settings=\"{&quot;_animation&quot;:&quot;fadeInLeft&quot;}\" data-widget_type=\"divider.default\">\n\t\t\t\t<div class=\"elementor-widget-container\">\n\t\t\t\t\t\t\t<div class=\"elementor-divider\">\n\t\t\t<span class=\"elementor-divider-separator\">\n\t\t\t\t\t\t<\/span>\n\t\t<\/div>\n\t\t\t\t\t\t<\/div>\n\t\t\t\t<\/div>\n\t\t\t\t<div class=\"elementor-element elementor-element-2698350e elementor-widget__width-initial elementor-widget-tablet__width-inherit elementor-widget elementor-widget-heading\" data-id=\"2698350e\" data-element_type=\"widget\" data-widget_type=\"heading.default\">\n\t\t\t\t<div class=\"elementor-widget-container\">\n\t\t\t\t\t<h2 class=\"elementor-heading-title elementor-size-default\">Checkliste<\/h2>\t\t\t\t<\/div>\n\t\t\t\t<\/div>\n\t\t\t\t<div class=\"elementor-element elementor-element-1918780d elementor-widget__width-initial elementor-widget-tablet__width-inherit elementor-widget elementor-widget-text-editor\" data-id=\"1918780d\" data-element_type=\"widget\" data-widget_type=\"text-editor.default\">\n\t\t\t\t<div class=\"elementor-widget-container\">\n\t\t\t\t\t\t\t\t\t<div><strong>Was ist bei \u00dcbernahme einer Betreuung zu beachten?<\/strong><\/div><div>\u00a0<\/div><div><strong>1. Informationen erfragen bei:<\/strong><\/div><ul><li>Amtsgericht\/Betreuungsbeh\u00f6rde<\/li><li>Vorherigem Betreuer<\/li><li>dem\/der Betreuten selbst<\/li><li>Bekannten\/Verwandten\/Nachbarn<\/li><li>\u00c4rzten<\/li><li>Einrichtungen (Krankenhaus, Wohnheim, Pflegeheim, etc.)<\/li><\/ul><div>\u00a0<\/div><div><strong>2. Einsichtnahme in Unterlagen:<\/strong><\/div><ul><li>Mietvertr\u00e4ge<\/li><li>Sparb\u00fccher<\/li><li>Girokonto<\/li><li>Bescheide (Renten, Sozialhilfe &#8230;)<\/li><li>Versicherungsscheine<\/li><li>Steuerunterlagen<\/li><\/ul><div>\u00a0<\/div><div><strong>3. Gemeinsame Durchsicht der angefallenen Post<\/strong><\/div><div>\u00a0<\/div><div><strong>4. Informationen \u00fcber die Bestellung als BetreuerIn, z.B. an:<\/strong><\/div><ul><li>MieterIn\/VermieterIn\/ Arbeitgeber\/Gl\u00e4ubiger\/Schuldner<\/li><li>Sozialamt\/Rentenversicherung\/Krankenkasse\/ Arzt\/ Arbeitsamt<\/li><li>Versorgungsunternehmen<\/li><li>Soziale Hilfsdienste<\/li><li>zust\u00e4ndige Pfarrgemeinde<\/li><\/ul><div>\u00a0<\/div><div><strong>5. Kontakt mit Hausbank(en)\/Taschengeldverwaltung der Einrichtung:<\/strong><\/div><ul><li>\u00dcberblick verschaffen \u00fcber bestehende Konten, Kontobevollm\u00e4chtigungen, Dauerauftr\u00e4ge, Einzugserm\u00e4chtigungen, Schlie\u00dff\u00e4cher und Depots<\/li><li>Erhalt der Kontoausz\u00fcge kl\u00e4ren<\/li><\/ul><div>\u00a0<\/div><div><strong>6. Begleichung offener Rechnungen<\/strong><\/div><div>\u00a0<\/div><div><strong>7. Anspr\u00fcche gegen\u00fcber Dritten pr\u00fcfen<\/strong>\u00a0<\/div>\t\t\t\t\t\t\t\t<\/div>\n\t\t\t\t<\/div>\n\t\t\t\t\t<\/div>\n\t\t\t\t<\/div>\n\t\t\t\t<\/div>\n\t\t","protected":false},"excerpt":{"rendered":"<p>Checkliste Was ist bei \u00dcbernahme einer Betreuung zu beachten?\u00a01. Informationen erfragen bei: Amtsgericht\/Betreuungsbeh\u00f6rde Vorherigem Betreuer dem\/der Betreuten selbst Bekannten\/Verwandten\/Nachbarn \u00c4rzten Einrichtungen (Krankenhaus, Wohnheim, Pflegeheim, etc.) \u00a02. Einsichtnahme in Unterlagen: Mietvertr\u00e4ge Sparb\u00fccher Girokonto Bescheide (Renten, Sozialhilfe &#8230;) Versicherungsscheine Steuerunterlagen \u00a03. Gemeinsame Durchsicht der angefallenen Post\u00a04. Informationen \u00fcber die Bestellung als BetreuerIn, z.B. an: MieterIn\/VermieterIn\/ Arbeitgeber\/Gl\u00e4ubiger\/Schuldner Sozialamt\/Rentenversicherung\/Krankenkasse\/ [&hellip;]<\/p>\n","protected":false},"author":1,"featured_media":0,"parent":0,"menu_order":0,"comment_status":"closed","ping_status":"closed","template":"","meta":{"footnotes":""},"class_list":["post-592","page","type-page","status-publish","hentry"],"_links":{"self":[{"href":"https:\/\/skfm-nk.de\/index.php\/wp-json\/wp\/v2\/pages\/592","targetHints":{"allow":["GET"]}}],"collection":[{"href":"https:\/\/skfm-nk.de\/index.php\/wp-json\/wp\/v2\/pages"}],"about":[{"href":"https:\/\/skfm-nk.de\/index.php\/wp-json\/wp\/v2\/types\/page"}],"author":[{"embeddable":true,"href":"https:\/\/skfm-nk.de\/index.php\/wp-json\/wp\/v2\/users\/1"}],"replies":[{"embeddable":true,"href":"https:\/\/skfm-nk.de\/index.php\/wp-json\/wp\/v2\/comments?post=592"}],"version-history":[{"count":25,"href":"https:\/\/skfm-nk.de\/index.php\/wp-json\/wp\/v2\/pages\/592\/revisions"}],"predecessor-version":[{"id":4039,"href":"https:\/\/skfm-nk.de\/index.php\/wp-json\/wp\/v2\/pages\/592\/revisions\/4039"}],"wp:attachment":[{"href":"https:\/\/skfm-nk.de\/index.php\/wp-json\/wp\/v2\/media?parent=592"}],"curies":[{"name":"wp","href":"https:\/\/api.w.org\/{rel}","templated":true}]}}